{"id":988,"date":"2020-09-15T10:27:18","date_gmt":"2020-09-15T10:27:18","guid":{"rendered":"https:\/\/www.estautomation.com\/project\/home\/"},"modified":"2021-10-08T15:36:40","modified_gmt":"2021-10-08T15:36:40","slug":"home-automazione-industriale","status":"publish","type":"page","link":"https:\/\/www.estautomation.com\/project\/","title":{"rendered":"Home"},"content":{"rendered":"\n<div class=\"wp-block-cover alignfull has-background-dim has-parallax\" style=\"background-image:url(https:\/\/www.estautomation.com\/project\/wp-content\/uploads\/2021\/02\/cropped-cropped-cropped-cropped-AdobeStock_46824194-scaled-2-1.jpeg);background-color:#011627;min-height:850px\"><div class=\"wp-block-cover__inner-container\">\n<h5 class=\"has-text-align-center has-white-color has-text-color\">Engineering Solution Technologies<\/h5>\n\n\n\n<h1 class=\"has-text-align-center has-white-color has-text-color\">il nostro punto di forza e&#8217; la flessibilita&#8217;<\/h1>\n\n\n\n<p><\/p>\n\n\n\n<div class=\"wp-block-buttons is-content-justification-center\">\n<div class=\"wp-block-button\"><a class=\"wp-block-button__link\" href=\"https:\/\/www.estautomation.com\/project\/progetti\/\">learn more<\/a><\/div>\n<\/div>\n\n\n\n<p><\/p>\n<\/div><\/div>\n\n\n\n<div class=\"wp-block-group alignfull has-white-background-color has-background\"><div class=\"wp-block-group__inner-container\">\n<h5 class=\"has-text-align-center\">Engineering Solution Technologies<\/h5>\n\n\n\n<h2 class=\"has-text-align-center has-large-font-size\">COMPETENZA, FLESSIBILITA\u2019, INNOVAZIONE.<\/h2>\n\n\n\n<p class=\"has-text-align-center has-medium-font-size\">Siamo una giovane societ\u00e0 che nasce dalla volont\u00e0 di unire le conoscenze, consolidate negli anni, nel campo dell\u2019automazione industriale.<br>L\u2019azienda ha la professionalit\u00e0 e le competenze per essere considerata partner affidabile per una clientela sempre pi\u00f9 orientata alla richiesta di prestazioni specialistiche e di alta qualit\u00e0.<\/p>\n\n\n\n<div class=\"wp-block-buttons is-content-justification-center\"><\/div>\n<\/div><\/div>\n\n\n\n<div class=\"wp-block-cover alignfull has-background-dim-70 has-background-dim has-parallax\" style=\"background-image:url(https:\/\/www.estautomation.com\/project\/wp-content\/uploads\/2021\/02\/cropped-crane-1172264_1920-Copia-Copia.jpg);background-color:#011627;min-height:900px\"><div class=\"wp-block-cover__inner-container\">\n<div class=\"wp-block-columns alignwide are-vertically-aligned-center\">\n<div class=\"wp-block-column is-vertically-aligned-center\">\n<div class=\"wp-block-group\"><div class=\"wp-block-group__inner-container\">\n<h5 class=\"has-white-color has-text-color\"><\/h5>\n\n\n\n<h3 class=\"has-white-color has-text-color\"><strong>E.S.T. Automation, azienda giovane e dinamica, attenta all\u2019innovazione tecnologica, realizza soluzioni elettroniche ed elettromeccaniche per l\u2019automazione dei processi industriali.<\/strong><\/h3>\n\n\n\n<hr class=\"wp-block-separator has-text-color has-background has-cyan-bluish-gray-background-color has-cyan-bluish-gray-color is-style-wide\"\/>\n\n\n\n<h4 class=\"has-vivid-red-color has-text-color\"><a href=\"https:\/\/www.estautomation.com\/project\/mercato\/\">QUADRISTICA<\/a><\/h4>\n\n\n\n<p class=\"has-white-color has-text-color\">Realizziamo quadri elettrici medio-grandi, cabine di distribuzione e di trasformazione, quadri di comando e protezione, quadri di distribuzione, in ambito navale e industriale.<\/p>\n\n\n\n<hr class=\"wp-block-separator has-text-color has-background has-cyan-bluish-gray-background-color has-cyan-bluish-gray-color is-style-wide\"\/>\n\n\n\n<h4 class=\"has-vivid-red-color has-text-color\"><a href=\"https:\/\/www.estautomation.com\/project\/automazione\/\">AUTOMAZIONE<\/a><\/h4>\n\n\n\n<p class=\"has-white-color has-text-color\">L\u2019azienda seguir\u00e0 il cliente fornendo il massimo supporto in ogni fase dell\u2019incarico a partire dalla formulazione dell&#8217;architettura di progetto sino alla sua realizzazione e messa in servizio. <\/p>\n\n\n\n<p class=\"has-white-color has-text-color\">Siamo in grado di fornire assistenza, riparazioni, programmazione e modifica  su drive e componenti elettrici ed elettronici in generale.<\/p>\n\n\n\n<hr class=\"wp-block-separator has-text-color has-background has-cyan-bluish-gray-background-color has-cyan-bluish-gray-color is-style-wide\"\/>\n\n\n\n<h4 class=\"has-vivid-red-color has-text-color\"><a href=\"https:\/\/www.estautomation.com\/project\/service2mercato\/\">SERVICE ED ASSISTENZA<\/a><\/h4>\n\n\n\n<p class=\"has-white-color has-text-color\">L&#8217;azienda offre contratti di manutenzione programmata e continuativa sugli impianti d&#8217;automazione industriale. <\/p>\n\n\n\n<p class=\"has-white-color has-text-color\">Effettua consulenze e service su impianti di automazione in Italia e all&#8217;estero fornendo assistenza,  programmazione logica ed HMI, modifiche su drive e componenti elettrici ed elettronici in generale.<\/p>\n\n\n\n<p><\/p>\n<\/div><\/div>\n<\/div>\n\n\n\n<div class=\"wp-block-column is-vertically-aligned-center\">\n<div class=\"wp-block-group\"><div class=\"wp-block-group__inner-container\">\n<h2 class=\"has-white-color has-text-color\"><em><strong>Siamo in grado di trovare la soluzione che meglio si adatta alle tue esigenze.<\/strong><\/em><\/h2>\n<\/div><\/div>\n<\/div>\n<\/div>\n<\/div><\/div>\n\n\n\n<div class=\"wp-block-group alignfull has-background\" style=\"background-color:#ffffff\"><div class=\"wp-block-group__inner-container\">\n<h2 class=\"has-text-align-center has-vivid-red-color has-text-color\">L&#8217;AUTOMAZIONE SU MISURA<\/h2>\n\n\n\n<div class=\"wp-block-columns alignwide\">\n<div class=\"wp-block-column\">\n<div class=\"wp-block-group alignfull has-background\" style=\"background-color:#f2f2f2\"><div class=\"wp-block-group__inner-container\">\n<h5>STUDIO DEL PROGETTO<\/h5>\n\n\n\n<p>La fase preliminare di analisi ci porta a scegliere la soluzione pi\u00f9 adatta alle specifiche esigenze del cliente.<\/p>\n<\/div><\/div>\n\n\n\n<div style=\"height:30px\" aria-hidden=\"true\" class=\"wp-block-spacer\"><\/div>\n\n\n\n<div class=\"wp-block-group alignfull has-background\" style=\"background-color:#f2f2f2\"><div class=\"wp-block-group__inner-container\">\n<h5>QUADRI ELETTRICI<\/h5>\n\n\n\n<p>Realizziamo quadri elettrici di potenza, distribuzione e automazione, sia in ambito navale che su sistemi industriali. <\/p>\n\n\n\n<p>Siamo in grado di effettuare la progettazione (stesura schemi elettrici) e dimensionamento del quadro da realizzare.<\/p>\n\n\n\n<div style=\"height:4px\" aria-hidden=\"true\" class=\"wp-block-spacer\"><\/div>\n<\/div><\/div>\n\n\n\n<div style=\"height:30px\" aria-hidden=\"true\" class=\"wp-block-spacer\"><\/div>\n\n\n\n<div class=\"wp-block-group alignfull has-background\" style=\"background-color:#f2f2f2\"><div class=\"wp-block-group__inner-container\">\n<h5>REVAMPING<\/h5>\n\n\n\n<p>Revamping e ammodernamento di parti d\u2019impianti d\u2019automazione ormai obsoleti ed in disuso, con nuovi e pi\u00f9 performanti.<\/p>\n<\/div><\/div>\n\n\n\n<p><\/p>\n<\/div>\n\n\n\n<div class=\"wp-block-column\">\n<div class=\"wp-block-group alignfull has-background\" style=\"background-color:#f2f2f2\"><div class=\"wp-block-group__inner-container\">\n<h5>PREVENTIVI<\/h5>\n\n\n\n<p>Formuliamo un dettagliato preventivo, anche modulare per sistemi pi\u00f9 complessi e con soluzioni diversificate.<\/p>\n<\/div><\/div>\n\n\n\n<div style=\"height:30px\" aria-hidden=\"true\" class=\"wp-block-spacer\"><\/div>\n\n\n\n<div class=\"wp-block-group alignfull has-background\" style=\"background-color:#f2f2f2\"><div class=\"wp-block-group__inner-container\">\n<h5>SOFTWARE  &amp; IoT<\/h5>\n\n\n\n<p>Realizziamo logiche software per la programmazione di PLC Multibrand e interfaccia uomo-macchina (HMI). <\/p>\n\n\n\n<p>Realizziamo su richiesta sistemi IoT con programmazione  C#, C, C++, DotNetCore, Java, HTML, CSS, Bootstrap, Php, Sql &amp; Algorithm.<\/p>\n<\/div><\/div>\n\n\n\n<div style=\"height:30px\" aria-hidden=\"true\" class=\"wp-block-spacer\"><\/div>\n\n\n\n<div class=\"wp-block-group alignfull has-background\" style=\"background-color:#f2f2f2\"><div class=\"wp-block-group__inner-container\">\n<h5>ASSISTENZA E SERVICE<\/h5>\n\n\n\n<p>I nostri tecnici sono a disposizione in ogni fase del progetto: progettazione, realizzazione, messa in servizio e assistenza post-vendita.<\/p>\n<\/div><\/div>\n<\/div>\n<\/div>\n<\/div><\/div>\n\n\n\n<div class=\"wp-block-group alignfull has-background\" style=\"background-color:#f2f2f2\"><div class=\"wp-block-group__inner-container\">\n<div class=\"wp-block-columns alignfull are-vertically-aligned-center\">\n<div class=\"wp-block-column is-vertically-aligned-center\" style=\"flex-basis:66.66%\">\n<h3 class=\"has-text-align-left\">Contattaci per avere maggiori informazioni<\/h3>\n<\/div>\n\n\n\n<div class=\"wp-block-column is-vertically-aligned-center\" style=\"flex-basis:33.33%\">\n<div class=\"wp-block-buttons is-content-justification-center\">\n<div class=\"wp-block-button\"><a class=\"wp-block-button__link\" href=\"TEL: +39 0102944860\">CHIAMA ORA<\/a><\/div>\n<\/div>\n<\/div>\n<\/div>\n<\/div><\/div>\n","protected":false},"excerpt":{"rendered":"<p>Engineering Solution Technologies COMPETENZA, FLESSIBILITA\u2019, INNOVAZIONE. Siamo una giovane societ\u00e0 che nasce dalla volont\u00e0 di unire le conoscenze, consolidate negli anni, nel campo dell\u2019automazione industriale.L\u2019azienda ha la professionalit\u00e0 e le competenze per essere considerata partner affidabile per una clientela sempre pi\u00f9 orientata alla richiesta di prestazioni specialistiche e di alta qualit\u00e0. L&#8217;AUTOMAZIONE SU MISURA STUDIO &hellip;<\/p>\n<p class=\"read-more\"> <a class=\"\" href=\"https:\/\/www.estautomation.com\/project\/\"> <span class=\"screen-reader-text\">Home<\/span> Leggi altro &raquo;<\/a><\/p>\n","protected":false},"author":1,"featured_media":0,"parent":0,"menu_order":0,"comment_status":"closed","ping_status":"closed","template":"","meta":[],"uagb_featured_image_src":{"full":false,"thumbnail":false,"medium":false,"medium_large":false,"large":false,"xl":false,"xxl":false,"xxxl":false,"xxxxl":false,"xxxxxl":false,"1536x1536":false,"2048x2048":false},"uagb_author_info":{"display_name":"chiaram2_4t83f4","author_link":"https:\/\/www.estautomation.com\/project\/author\/chiaram2_4t83f4\/"},"uagb_comment_info":0,"uagb_excerpt":"Engineering Solution Technologies COMPETENZA, FLESSIBILITA\u2019, INNOVAZIONE. Siamo una giovane societ\u00e0 che nasce dalla volont\u00e0 di unire le conoscenze, consolidate negli anni, nel campo dell\u2019automazione industriale.L\u2019azienda ha la professionalit\u00e0 e le competenze per essere considerata partner affidabile per una clientela sempre pi\u00f9 orientata alla richiesta di prestazioni specialistiche e di alta qualit\u00e0. L&#8217;AUTOMAZIONE SU MISURA STUDIO&hellip;","yoast_head":"<!-- This site is optimized with the Yoast SEO plugin v15.8 - https:\/\/yoast.com\/wordpress\/plugins\/seo\/ -->\r\n<title>Automazione industriale - E.S.T. AUTOMATION S.r.l.<\/title>\r\n<meta name=\"description\" content=\"Progettazione, realizzazione, manutenzione e service impianti d\u2019automazione industriale. Quadri elettrici, software, drive, controllo remoto.\" \/>\r\n<meta name=\"robots\" content=\"index, follow, max-snippet:-1, max-image-preview:large, max-video-preview:-1\" \/>\r\n<link rel=\"canonical\" href=\"http:\/\/www.estautomation.com\/project\/\" \/>\r\n<meta property=\"og:locale\" content=\"it_IT\" \/>\r\n<meta property=\"og:type\" content=\"article\" \/>\r\n<meta property=\"og:title\" content=\"Automazione industriale - E.S.T. AUTOMATION S.r.l.\" \/>\r\n<meta property=\"og:description\" content=\"Progettazione, realizzazione, manutenzione e service impianti d\u2019automazione industriale. Quadri elettrici, software, drive, controllo remoto.\" \/>\r\n<meta property=\"og:url\" content=\"http:\/\/www.estautomation.com\/project\/\" \/>\r\n<meta property=\"og:site_name\" content=\"E.S.T. AUTOMATION S.r.l.\" \/>\r\n<meta property=\"article:modified_time\" content=\"2021-10-08T15:36:40+00:00\" \/>\r\n<meta name=\"twitter:card\" content=\"summary_large_image\" \/>\r\n<meta name=\"twitter:label1\" content=\"Tempo di lettura stimato\">\n\t<meta name=\"twitter:data1\" content=\"2 minuti\">\r\n<script type=\"application\/ld+json\" class=\"yoast-schema-graph\">{\"@context\":\"https:\/\/schema.org\",\"@graph\":[{\"@type\":\"WebSite\",\"@id\":\"http:\/\/www.estautomation.com\/project\/#website\",\"url\":\"http:\/\/www.estautomation.com\/project\/\",\"name\":\"E.S.T. AUTOMATION S.r.l.\",\"description\":\"Engineering Solution Technologies\",\"potentialAction\":[{\"@type\":\"SearchAction\",\"target\":\"http:\/\/www.estautomation.com\/project\/?s={search_term_string}\",\"query-input\":\"required name=search_term_string\"}],\"inLanguage\":\"it-IT\"},{\"@type\":\"WebPage\",\"@id\":\"http:\/\/www.estautomation.com\/project\/#webpage\",\"url\":\"http:\/\/www.estautomation.com\/project\/\",\"name\":\"Automazione industriale - E.S.T. AUTOMATION S.r.l.\",\"isPartOf\":{\"@id\":\"http:\/\/www.estautomation.com\/project\/#website\"},\"datePublished\":\"2020-09-15T10:27:18+00:00\",\"dateModified\":\"2021-10-08T15:36:40+00:00\",\"description\":\"Progettazione, realizzazione, manutenzione e service impianti d\\u2019automazione industriale. Quadri elettrici, software, drive, controllo remoto.\",\"breadcrumb\":{\"@id\":\"http:\/\/www.estautomation.com\/project\/#breadcrumb\"},\"inLanguage\":\"it-IT\",\"potentialAction\":[{\"@type\":\"ReadAction\",\"target\":[\"http:\/\/www.estautomation.com\/project\/\"]}]},{\"@type\":\"BreadcrumbList\",\"@id\":\"http:\/\/www.estautomation.com\/project\/#breadcrumb\",\"itemListElement\":[{\"@type\":\"ListItem\",\"position\":1,\"item\":{\"@type\":\"WebPage\",\"@id\":\"http:\/\/www.estautomation.com\/project\/\",\"url\":\"http:\/\/www.estautomation.com\/project\/\",\"name\":\"Home\"}},{\"@type\":\"ListItem\",\"position\":2,\"item\":{\"@type\":\"WebPage\",\"@id\":\"http:\/\/www.estautomation.com\/project\/\",\"url\":\"http:\/\/www.estautomation.com\/project\/\",\"name\":\"Home\"}}]}]}<\/script>\r\n<!-- \/ Yoast SEO plugin. -->","_links":{"self":[{"href":"https:\/\/www.estautomation.com\/project\/wp-json\/wp\/v2\/pages\/988"}],"collection":[{"href":"https:\/\/www.estautomation.com\/project\/wp-json\/wp\/v2\/pages"}],"about":[{"href":"https:\/\/www.estautomation.com\/project\/wp-json\/wp\/v2\/types\/page"}],"author":[{"embeddable":true,"href":"https:\/\/www.estautomation.com\/project\/wp-json\/wp\/v2\/users\/1"}],"replies":[{"embeddable":true,"href":"https:\/\/www.estautomation.com\/project\/wp-json\/wp\/v2\/comments?post=988"}],"version-history":[{"count":9,"href":"https:\/\/www.estautomation.com\/project\/wp-json\/wp\/v2\/pages\/988\/revisions"}],"predecessor-version":[{"id":1822,"href":"https:\/\/www.estautomation.com\/project\/wp-json\/wp\/v2\/pages\/988\/revisions\/1822"}],"wp:attachment":[{"href":"https:\/\/www.estautomation.com\/project\/wp-json\/wp\/v2\/media?parent=988"}],"curies":[{"name":"wp","href":"https:\/\/api.w.org\/{rel}","templated":true}]}}